Suppose d = -k + 812, d - k - 4*k - 836 = 0. What is the units digit of d?
6
Suppose -1145 = 10*w - 315. Let g = 183 - w. What is the units digit of g?
6
Suppose 3*l = -4 + 19. What is the tens digit of (-27)/((l/20)/(2/(-8)))?
2
Let q = 10 + 114. What is the tens digit of q?
2
Let p(i) = i**2 + 6. Let l be p(5). Let x = l + 8. What is the tens digit of x?
3
Let d(g) = g**3 + 4*g**2 - 9*g + 19. Let i be d(-6). Suppose 0 = -7*x + 3*x + 32. Suppose 1 = m, -5*m + i + x = r. What is the units digit of r?
4
Let h = -502 + 909. What is the hundreds digit of h?
4
Let p(y) = y**2 + 4*y - 4. Let i be p(-5). Let z be (-57)/(-15) + i/5. Suppose 0 = 2*q + 4, z*g + 0*g = -q + 6. What is the units digit of g?
2
Suppose 0 = 3*d + 5*s - 1578, 3*s = 5*s + 6. What is the units digit of d?
1
Let b(t) = t**2 - 3*t - 4. Let l be b(3). Let r(a) = -11*a. What is the tens digit of r(l)?
4
Suppose 4*q - q = 18. Let o be (14 - 5)/(q/16). Let j = -10 + o. What is the units digit of j?
4
What is the hundreds digit of (-6)/4 - (8309/(-14) + 9)?
5
Let l(q) = 5*q**3 - 5*q**2 - 7*q - 19. Let w(u) = -4*u**3 + 6*u**2 + 7*u + 19. Let y(x) = 5*l(x) + 6*w(x). What is the tens digit of y(-10)?
4
Let s(q) = -q + 20. Let w be s(12). Suppose 7*c = w*c - 2. Suppose -o - 44 = -c*p, 35 - 135 = -4*p - 4*o. What is the units digit of p?
3
Let v(z) = 80*z - 47. What is the hundreds digit of v(7)?
5
Let f(p) = 3*p**2 - 37*p - 49. What is the tens digit of f(26)?
1
Suppose -4*i + 775 = i. Suppose 0 = 4*v - i + 7. What is the units digit of v?
7
Suppose 2*b - 3*z = 699, -4*z = 3*b + 96 - 1119. Suppose 5*w - b = 430. What is the units digit of w?
5
Suppose 5*x = 122 + 148. Suppose y - 2*p - 2*p - x = 0, -40 = -y - 3*p. Suppose n = -n + 5*z + y, z = -3*n + 52. What is the units digit of n?
8
Suppose -z = 3*c + 11 - 0, -2*z - 5*c - 21 = 0. What is the units digit of (-3 - (-57)/6)/((-1)/z)?
2
Let s(l) = -104*l**3 + l**2 + l. What is the hundreds digit of s(-1)?
1
Let r be 3 - (10 - 7 - 768/1). Suppose -f - r = -9*f. What is the tens digit of f?
9
Let i(o) be the second derivative of -o**3/3 + 19*o**2 + 6*o. What is the units digit of i(0)?
8
Let n be (-2)/(-4)*(3 - -9 - 6). Suppose 0 = n*i - 467 + 101. What is the hundreds digit of i?
1
Let j(r) = r. Let g be j(2). Suppose -g*t - 2*t = 0. Suppose 3*i - 6 = -3*o - t, -5*o + 10 = -4*i. What is the units digit of o?
2
Suppose -191 = -0*w - 3*w + 4*g, 0 = -4*w + 3*g + 250. What is the units digit of w?
1
Let d be (-2)/(-10) - 6/30. Suppose -a = -3 - d. Suppose 6 = 3*p, a*f - 23 = 5*p - 3*p. What is the units digit of f?
9
Let c(z) = 4*z**2 + 2*z - 3. Suppose 3*y + 2*y = -15. What is the units digit of c(y)?
7
Let b(j) = 9*j + 4. Suppose f = -3*f + 16, -3*f + 45 = -3*u. Let w = 14 + u. What is the tens digit of b(w)?
3
Suppose -5*n - j = -25 + 4, -n + 4*j = -21. Suppose f + 4*o - 75 = 0, 78 = -n*f + o + 369. Suppose -3*p + 7 = -f. What is the units digit of p?
2
Suppose 2 = -o + 5. Suppose -3*y - o*d = 9, 2 = -d - 1. Suppose 4*j = 3*g - 21, y = -5*g - 0*g + 5*j + 30. What is the units digit of g?
3
Suppose 8*f - 2*f = 738. Let i = 191 - f. What is the units digit of i?
8
Suppose 3*i - 2*y - 7 = 0, -4*i + 0*y + 3*y + 9 = 0. Let s be ((-4)/(-3))/(-1 - 55/(-54)). Suppose -5*l + s = -4*v + v, -12 = i*v. What is the tens digit of l?
1
Suppose -5*t = f + 3*f - 38, 4 = 2*t - 4*f. Suppose 0 = -2*j - 0*j + 3*k + t, -j + 4*k + 8 = 0. Suppose -5*c + 101 + 54 = j. What is the tens digit of c?
3
Suppose -p + 5*f + 3215 = 4*p, -4*p - 2*f = -2596. What is the units digit of p?
7
Suppose 9*d - 1162 = 854. What is the tens digit of d?
2
Suppose 4*k = 5*p + 4196, 2*k = -11*p + 16*p + 2098. What is the tens digit of k?
4
Suppose -5*r = -5*u - 15, -r = 2*u + r - 6. Suppose 0*y + y - 3 = u. Suppose y = 2*b - 1. What is the units digit of b?
2
Suppose 3*a = -2*c + 57, 0 = 2*a - 5*c - 10 - 9. Suppose -p - 4*h - a = 0, p - 4*h + 131 = -2*p. Let n = p + 55. What is the units digit of n?
8
Let t(g) = g**3 - g. Suppose 0 = -f - 5*f - 12. Let m be t(f). Let j(l) = -13*l - 11. What is the units digit of j(m)?
7
Suppose -2*b - 3*f = -b - 14, -4*f + 12 = -2*b. Suppose -10 = -b*w + 8. Let a = 13 - w. What is the units digit of a?
4
What is the tens digit of 3/6*(-8 + 194)?
9
Let x(p) = 10*p - 2. Suppose -7 + 1 = 2*u. Let i(w) = -2*w + 1. Let t be i(u). What is the tens digit of x(t)?
6
Let a = 10 - 2. Let f = -3 + a. Suppose 0 = 3*t - 3*m - 6, -t + 5*m = t + f. What is the units digit of t?
5
Suppose 3*d + 3*d - 1962 = 0. Let w be (-4)/12 - d/(-9). What is the tens digit of 122/12 + (-6)/w?
1
Let b = 247 - 217. What is the tens digit of b?
3
Let a be (-1 - -3)*1 + 214. Suppose 3*n = -n - 3*p - a, -54 = n + 2*p. What is the units digit of n/(-2) - (-15)/(-5)?
4
What is the thousands digit of (14 - 917)*42/(-9)?
4
Let u(p) = 146*p - 156*p - 2*p**2 + 3*p**2 - 6. What is the units digit of u(-5)?
9
Let s(u) be the third derivative of -u**6/120 + 2*u**5/15 - u**4/4 + u**3/6 + 7*u**2. What is the units digit of s(3)?
8
Let x = 106 + -55. Suppose 5*k = x - 871. What is the tens digit of k/(-6) - 21/63?
2
Let t(v) = -1. Let n(r) = -r**3 + r**2 - r + 1. Let w(g) = -n(g) - 4*t(g). Let p be w(0). What is the units digit of (9/(-6))/(p/(-18))?
9
Suppose -11*g + 2936 + 1453 = 0. What is the hundreds digit of g?
3
Suppose 9*g = 6*g + 18. Suppose -4*i - j = -31, 4*j = 5*i - 17 - g. Let y = 35 - i. What is the tens digit of y?
2
Suppose -8*s - 8*s + 3520 = 0. Suppose -15*y + s = -13*y. What is the tens digit of y?
1
Let z(v) = -v**3 - 44*v**2 - 98*v + 216. What is the hundreds digit of z(-44)?
5
Suppose -4*x - 4*l + 316 = -2*x, -4*x - 5*l + 629 = 0. Suppose 2*f = -d + 171, -5*f + x = d - 0*f. What is the hundreds digit of d?
1
Suppose -b - 209 = 2*a, -3*b - 3*a = a + 619. Let s = -45 - b. What is the hundreds digit of s?
1
Let l(d) = 21*d**2 + 5*d + 6. What is the tens digit of l(-1)?
2
Suppose 0 = -2*m - m - 5*v + 16, 4*m + 3*v = 3. Let s = m - 3. Let y = -5 - s. What is the units digit of y?
1
Suppose 0 = 6*o - 2*o. Let k be (-9 - 78/(-9)) + (-58)/(-3). Suppose o = d - k - 10. What is the tens digit of d?
2
Let r be 9*1*((-10)/6 - -2). Suppose r*n = -5*y + 421, -683 = -5*n - 2*y + 3*y. What is the hundreds digit of n?
1
Let u(j) be the second derivative of j**3/6 + 9*j**2 + 13*j. Suppose 2*x - 10 = 4*y, -x + 1 = -3*y - 2. What is the units digit of u(x)?
7
Suppose 7*d = 2*d + 15. Suppose -2*r - 21 = -5*f, d + 3 = 3*f + r. Suppose f + 14 = x. What is the units digit of x?
7
Let h(s) = 15*s**3 + s. Let i be ((-30)/9)/(4/(-6)). Suppose 4*r - 3*d + 5 + 3 = 0, i*d - 20 = 0. What is the tens digit of h(r)?
1
Let c(o) = o**3. Suppose -2 = -2*g + 3*g. Let d be c(g). What is the units digit of (100/d)/((-1)/2)?
5
Let b = -223 - -420. What is the units digit of b?
7
Let i(k) = 2*k**3 - 38*k**2 - 56*k - 19. What is the tens digit of i(21)?
6
Let z(o) be the second derivative of 13/2*o**2 + 5/4*o**4 + 1/20*o**5 - 1/3*o**3 - 12*o + 0. What is the tens digit of z(-15)?
4
Let u = 11 - 7. Suppose z = -5*f + 5, -z = -u*z - 5*f + 15. Suppose z*l = 63 + 72. What is the tens digit of l?
2
Let b be 2/8 + 2475/36. Suppose 6*u - 87 = b. What is the units digit of u?
6
Suppose 12*f - 5184 = -1740. What is the units digit of f?
7
Suppose -23*o = -22*o + 3. Let y(m) = -20*m - 5. What is the tens digit of y(o)?
5
Let c be 34/10 + 12/20. Suppose -f + c*q + 13 + 54 = 0, -131 = -3*f - 2*q. What is the units digit of (16 + -17)/((-1)/f)?
7
Let n(d) = 2 - 70*d + 0 + 33*d - 57*d. What is the units digit of n(-2)?
0
Suppose 12*n - 1916 = 3064. Let z = n + -240. What is the tens digit of z?
7
Let g be 6*((-20)/(-8) - 2) - 3. Suppose g*z = -8*z + 1336. What is the tens digit of z?
6
Let v be (1 - 1)*1/1. Let b(a) be the third derivative of -a**6/120 - a**5/60 + 23*a**3/6 + 13*a**2. What is the tens digit of b(v)?
2
Let w(s) = 2*s + 9. Let j be w(-6). What is the units digit of (-1)/(632/212 + j)?
3
Suppose -9*q = -n - 11*q + 537, -1620 = -3*n + 3*q. What is the units digit of n?
9
Suppose 24 = 5*x - 8*x. Let c be 22/x*(-32)/(-4). Let u = -2 - c. What is the units digit of u?
0
Suppose 3*k = 4*a + 95, 3*a = 4*k - 112 - 3. Let j = 28 + k. Suppose j = 3*y - 4. What is the tens digit of y?
1
Suppose -186 - 430 = -2*l. What is the